{"id":9505,"date":"2024-02-19T06:36:46","date_gmt":"2024-02-19T03:36:46","guid":{"rendered":"https:\/\/abfinsaat.com\/?page_id=9505"},"modified":"2024-07-16T16:14:17","modified_gmt":"2024-07-16T13:14:17","slug":"endustriyel-yapilar","status":"publish","type":"page","link":"https:\/\/abfinsaat.com\/index.php\/endustriyel-yapilar\/","title":{"rendered":"End\u00fcstriyel Yap\u0131lar"},"content":{"rendered":"<div class=\"wpb-content-wrapper\"><p>[vc_row][vc_column]\r\n\t<div class=\"bauer-spacer clearfix\" data-desktop=\"60\" data-mobi=\"30\" data-smobi=\"30\"><\/div><h2 class=\"bauer-special-text text-center\">\r\n        <span style=\"font-family:;\">End\u00fcstriyel Yap\u0131lar<\/span><span style=\"font-family:;\"><\/span><span style=\"font-family:;\"><\/span>\r\n    <\/h2><div class=\"bauer-text-group clearfix text-center\"  style=\"\"><div class=\"group-1 \" style=\"\">\r\n\t\tABF Gayrimenkul Yat\u0131r\u0131m \u0130n\u015faat, uzun y\u0131llard\u0131r T\u00fcrkiye'nin \u00f6nde gelen end\u00fcstriyel yap\u0131 uzmanlar\u0131y\u0131z. Sekt\u00f6r\u00fcn gereksinimleri do\u011frultusunda, en y\u00fcksek kalite standartlar\u0131na uygun ve yenilik\u00e7i end\u00fcstriyel projeler geli\u015ftiriyoruz.<\/p>\n<p>M\u00fc\u015fterilerimizin ihtiya\u00e7lar\u0131n\u0131 ayr\u0131nt\u0131l\u0131 analiz ederek, her biri i\u00e7in \u00f6zel tasarlanm\u0131\u015f \u00e7\u00f6z\u00fcmler sunuyoruz. \u00dcretim tesisleri, depolama alanlar\u0131, lojistik merkezleri, AR-GE laboratuvarlar\u0131 gibi \u00e7e\u015fitli end\u00fcstriyel yap\u0131lar konusunda geni\u015f bir deneyime sahibiz.<\/p>\n<p>Betonarme, prekast, prefabrik ve \u00e7elik konstr\u00fcksiyon ta\u015f\u0131y\u0131c\u0131 sistemli fabrika binalar\u0131 ve sanayi tesislerinin \u00e7elik imalatlar\u0131 ve betonarme k\u0131s\u0131mlar\u0131 ile birlikte t\u00fcm projelerini komple \u00fcstlenerek anahtar teslim hizmet vermekteyiz. Tesis i\u00e7ine kurulacak olan sabit ve hareketli makineler, ekipmanlar ve bunlar\u0131n yap\u0131ya olan y\u00fcklerini tespit edip, teknik ko\u015fullara en uygun ta\u015f\u0131y\u0131c\u0131 sistemi se\u00e7erek geni\u015f a\u00e7\u0131kl\u0131klara sahip end\u00fcstri yap\u0131lar\u0131n\u0131 in\u015fa etmekteyiz.\r\n\t<\/div><div class=\"group-2 \" style=\"\">\r\n\t\tProje y\u00f6netimi, m\u00fchendislik, mimari tasar\u0131m ve uygulama a\u015famalar\u0131nda uzman bir ekiple \u00e7al\u0131\u015f\u0131yoruz. Y\u00fcksek teknolojili imalat s\u00fcre\u00e7leri, enerji verimlili\u011fi, i\u015f g\u00fcvenli\u011fi ve \u00e7evresel s\u00fcrd\u00fcr\u00fclebilirlik konular\u0131na \u00f6zel \u00f6nem veriyoruz.<\/p>\n<p>Kulland\u0131\u011f\u0131m\u0131z yenilik\u00e7i \u00e7\u00f6z\u00fcmler ve son teknoloji yap\u0131 malzemeleriyle, m\u00fc\u015fterilerimizin \u00fcretim verimlili\u011fini art\u0131ran, g\u00fcvenli ve \u00e7evre dostu yap\u0131lar in\u015fa ediyoruz. T\u00fcm projelerimizde zaman\u0131nda teslim ve m\u00fckemmel m\u00fc\u015fteri memnuniyeti hedeflerimizdir.<\/p>\n<p>Geni\u015f bir referans portf\u00f6y\u00fcne sahip olan ABF Gayrimenkul Yat\u0131r\u0131m \u0130n\u015faat, end\u00fcstriyel yap\u0131 sekt\u00f6r\u00fcnde g\u00fcvenilir ve tercih edilen bir marka haline gelmi\u015ftir. Biz, m\u00fc\u015fterilerimizin \u00fcretim ve lojistik s\u00fcre\u00e7lerini en \u00fcst seviyeye ta\u015f\u0131mak i\u00e7in var g\u00fcc\u00fcm\u00fczle \u00e7al\u0131\u015fmaya devam edece\u011fiz.\r\n\t<\/div><\/div>\r\n\t<div class=\"bauer-spacer clearfix\" data-desktop=\"60\" data-mobi=\"30\" data-smobi=\"30\"><\/div>[vc_btn title=&#8221;TAMAMLANAN BAZI PROJELER\u0130M\u0130Z&#8221; color=&#8221;primary&#8221; size=&#8221;lg&#8221; align=&#8221;center&#8221; link=&#8221;url:https%3A%2F%2Fabfinsaat.com%2Findex.php%2Fproject_category%2Fendustriyel-yapilar|target:_blank&#8221;][\/vc_column][\/vc_row]<\/p>\n<\/div>","protected":false},"excerpt":{"rendered":"<p>[vc_row][vc_column][vc_btn title=&#8221;TAMAMLANAN BAZI PROJELER\u0130M\u0130Z&#8221; color=&#8221;primary&#8221; size=&#8221;lg&#8221; align=&#8221;center&#8221; link=&#8221;url:https%3A%2F%2Fabfinsaat.com%2Findex.php%2Fproject_category%2Fendustriyel-yapilar|target:_blank&#8221;][\/vc_column][\/vc_row]<\/p>\n","protected":false},"author":1,"featured_media":0,"parent":0,"menu_order":0,"comment_status":"closed","ping_status":"open","template":"","meta":{"_joinchat":[],"footnotes":""},"class_list":["post-9505","page","type-page","status-publish","hentry"],"aioseo_notices":[],"_links":{"self":[{"href":"https:\/\/abfinsaat.com\/index.php\/wp-json\/wp\/v2\/pages\/9505","targetHints":{"allow":["GET"]}}],"collection":[{"href":"https:\/\/abfinsaat.com\/index.php\/wp-json\/wp\/v2\/pages"}],"about":[{"href":"https:\/\/abfinsaat.com\/index.php\/wp-json\/wp\/v2\/types\/page"}],"author":[{"embeddable":true,"href":"https:\/\/abfinsaat.com\/index.php\/wp-json\/wp\/v2\/users\/1"}],"replies":[{"embeddable":true,"href":"https:\/\/abfinsaat.com\/index.php\/wp-json\/wp\/v2\/comments?post=9505"}],"version-history":[{"count":0,"href":"https:\/\/abfinsaat.com\/index.php\/wp-json\/wp\/v2\/pages\/9505\/revisions"}],"wp:attachment":[{"href":"https:\/\/abfinsaat.com\/index.php\/wp-json\/wp\/v2\/media?parent=9505"}],"curies":[{"name":"wp","href":"https:\/\/api.w.org\/{rel}","templated":true}]}}